{"version":"1.0","provider_name":"Visual Journalism and Documentary Photography","provider_url":"https:\/\/visualjournalism.de\/en\/","title":"Video. Prof. Dr. Klaus Sachs-Hombach - Bild und Kontext. Einige Anmerkungen zur semantischen Anomalie der Bilder.","type":"rich","width":600,"height":338,"html":"<blockquote class=\"wp-embedded-content\" data-secret=\"l26Za7kJF5\"><a href=\"https:\/\/visualjournalism.de\/en\/image-matters\/image-con-text\/bild-kontext-semantische-anomalie\/\">Video. Prof. Dr. Klaus Sachs-Hombach &#8211; Bild und Kontext. Einige Anmerkungen zur semantischen Anomalie der Bilder.<\/a><\/blockquote><iframe sandbox=\"allow-scripts\" security=\"restricted\" src=\"https:\/\/visualjournalism.de\/en\/image-matters\/image-con-text\/bild-kontext-semantische-anomalie\/embed\/#?secret=l26Za7kJF5\" width=\"600\" height=\"338\" title=\"&#8220;Video. Prof. Dr. Klaus Sachs-Hombach &#8211; Bild und Kontext. Einige Anmerkungen zur semantischen Anomalie der Bilder.&#8221; &#8212; Visual Journalism and Documentary Photography\" data-secret=\"l26Za7kJF5\" frameborder=\"0\" marginwidth=\"0\" marginheight=\"0\" scrolling=\"no\" class=\"wp-embedded-content\"><\/iframe><script>\n\/*! This file is auto-generated *\/\n!function(d,l){\"use strict\";l.querySelector&&d.addEventListener&&\"undefined\"!=typeof URL&&(d.wp=d.wp||{},d.wp.receiveEmbedMessage||(d.wp.receiveEmbedMessage=function(e){var t=e.data;if((t||t.secret||t.message||t.value)&&!\/[^a-zA-Z0-9]\/.test(t.secret)){for(var s,r,n,a=l.querySelectorAll('iframe[data-secret=\"'+t.secret+'\"]'),o=l.querySelectorAll('blockquote[data-secret=\"'+t.secret+'\"]'),c=new RegExp(\"^https?:$\",\"i\"),i=0;i<o.length;i++)o[i].style.display=\"none\";for(i=0;i<a.length;i++)s=a[i],e.source===s.contentWindow&&(s.removeAttribute(\"style\"),\"height\"===t.message?(1e3<(r=parseInt(t.value,10))?r=1e3:~~r<200&&(r=200),s.height=r):\"link\"===t.message&&(r=new URL(s.getAttribute(\"src\")),n=new URL(t.value),c.test(n.protocol))&&n.host===r.host&&l.activeElement===s&&(d.top.location.href=t.value))}},d.addEventListener(\"message\",d.wp.receiveEmbedMessage,!1),l.addEventListener(\"DOMContentLoaded\",function(){for(var e,t,s=l.querySelectorAll(\"iframe.wp-embedded-content\"),r=0;r<s.length;r++)(t=(e=s[r]).getAttribute(\"data-secret\"))||(t=Math.random().toString(36).substring(2,12),e.src+=\"#?secret=\"+t,e.setAttribute(\"data-secret\",t)),e.contentWindow.postMessage({message:\"ready\",secret:t},\"*\")},!1)))}(window,document);\n<\/script>\n","thumbnail_url":"https:\/\/visualjournalism.de\/wp-content\/uploads\/ict-sachs-hombach.png","thumbnail_width":3360,"thumbnail_height":1894,"description":"29:07 Min. Auch Bilder pr\u00e4gen das menschliche Welt- und Selbstverh\u00e4ltnis. Sie tun dies vermutlich \u00e4hnlich fundamental wie Sprache. Jedoch sind die Mechanismen sehr unterschiedlich, auf die wir beim bildlichen Zeigen und beim sprachlichen Mitteilen zur\u00fcckgreifen. Die These, die Klaus Sachs-Hombach hierzu im Vortrag er\u00f6rtert, lautet, dass die sachliche Basis dieser unterschiedlichen Mechanismen in einer semantischen [&hellip;]"}

29:07 Min. Auch Bilder prägen das menschliche Welt- und Selbstverhältnis. Sie tun dies vermutlich ähnlich fundamental wie Sprache. Jedoch sind die Mechanismen sehr unterschiedlich, auf die wir beim bildlichen Zeigen und beim sprachlichen Mitteilen zurückgreifen. Die These, die Klaus Sachs-Hombach hierzu im Vortrag erörtert, lautet, dass die sachliche Basis dieser unterschiedlichen Mechanismen in einer semantischen [&hellip;]
