{"id":20370,"date":"2023-06-06T10:40:59","date_gmt":"2023-06-06T10:40:59","guid":{"rendered":"https:\/\/visualjournalism.de\/?page_id=20370"},"modified":"2023-06-07T15:30:53","modified_gmt":"2023-06-07T15:30:53","slug":"friedhard-neumann","status":"publish","type":"page","link":"https:\/\/visualjournalism.de\/en\/friedhard-neumann\/","title":{"rendered":"Friedhard Neumann"},"content":{"rendered":"\n \n\n    <div id=\"lead-in-block_2a50227b91385870c627c2f3002cd62f\" class=\"block-lead-in typo--default font-size--xl has-spacing--m width--default\">\n        <h1><strong>Friedhard Neumann<\/strong><\/h1>\n    <\/div>\n\n\n\n\n<div class=\"pinned-block has-spacing--m\">\n\t\n\n<div class=\"pinned-block__column--left\">\n    \n    <figure class=\"block-photo post__image--full has-spacing--m with-title\">\n\n        <div class=\"post__image__container\">\n            <img loading=\"lazy\" decoding=\"async\" \n                src=\"https:\/\/visualjournalism.de\/wp-content\/uploads\/EFC225F8-DCB5-4366-9D52-6475A3AE570D-2-1400x1400.jpg\"\n                srcset=\"https:\/\/visualjournalism.de\/wp-content\/uploads\/EFC225F8-DCB5-4366-9D52-6475A3AE570D-2-1400x1400.jpg 1400w, https:\/\/visualjournalism.de\/wp-content\/uploads\/EFC225F8-DCB5-4366-9D52-6475A3AE570D-2-300x300.jpg 300w, https:\/\/visualjournalism.de\/wp-content\/uploads\/EFC225F8-DCB5-4366-9D52-6475A3AE570D-2-1024x1024.jpg 1024w, https:\/\/visualjournalism.de\/wp-content\/uploads\/EFC225F8-DCB5-4366-9D52-6475A3AE570D-2-150x150.jpg 150w, https:\/\/visualjournalism.de\/wp-content\/uploads\/EFC225F8-DCB5-4366-9D52-6475A3AE570D-2-768x768.jpg 768w, https:\/\/visualjournalism.de\/wp-content\/uploads\/EFC225F8-DCB5-4366-9D52-6475A3AE570D-2-1050x1050.jpg 1050w, https:\/\/visualjournalism.de\/wp-content\/uploads\/EFC225F8-DCB5-4366-9D52-6475A3AE570D-2-670x670.jpg 670w, https:\/\/visualjournalism.de\/wp-content\/uploads\/EFC225F8-DCB5-4366-9D52-6475A3AE570D-2-420x420.jpg 420w, https:\/\/visualjournalism.de\/wp-content\/uploads\/EFC225F8-DCB5-4366-9D52-6475A3AE570D-2-350x350.jpg 350w, https:\/\/visualjournalism.de\/wp-content\/uploads\/EFC225F8-DCB5-4366-9D52-6475A3AE570D-2-52x52.jpg 52w, https:\/\/visualjournalism.de\/wp-content\/uploads\/EFC225F8-DCB5-4366-9D52-6475A3AE570D-2-68x68.jpg 68w, https:\/\/visualjournalism.de\/wp-content\/uploads\/EFC225F8-DCB5-4366-9D52-6475A3AE570D-2-96x96.jpg 96w, https:\/\/visualjournalism.de\/wp-content\/uploads\/EFC225F8-DCB5-4366-9D52-6475A3AE570D-2.jpg 1536w\"\n                width=\"1400\" \n                height=\"1400\"\n                alt=\"\" \n            \/>\n            \n                            <span class=\"post__image__title\">laptev.photo@gmail.com<\/span>\n                    <\/div><!-- post__image__container -->\n\n        \n    <\/figure><!-- post__image -->\n\n\n\n<\/div>\n\n\n<div class=\"pinned-block__column--right\">\n    \n\n<p class=\"post__paragraph is-style-typo--soehne has-spacing--default\"><strong>Friedhard Neumann<\/strong> wurde im Monat des Mauerfalls 1989 in Frankfurt (Oder)&nbsp; geboren und ist im Grenzgebiet zu Polen aufgewachsen.&nbsp;<\/p>\n\n\n\n<p class=\"post__paragraph is-style-typo--soehne has-spacing--default\">Nachdem er sein Studium der Sozialen Arbeit in Berlin abgeschlossen hat, ist er u.a. \u00fcber ein Portr\u00e4tseminar an der Ostkreuzschule auf die Leidenschaft zur Fotografie gekommen. W\u00e4hrend einer Zeit der Neuausrichtung in der Schweiz&nbsp; hat er sich f\u00fcr das Studium \u201eVisual Journalism and Documentary Photography\u201c an der Hochschule Hannover entschieden. Seitdem setzt er sich mit dem Medium der Fotografie und den Erz\u00e4hlweisen im dokumentarisch journalistischen Storytelling vertieft auseinander.&nbsp;<\/p>\n\n\n\n<p class=\"post__paragraph is-style-typo--soehne has-spacing--default\"> <strong>Themen:<\/strong> In seinen fotografischen Projekten macht er, mit besonderem Blick f\u00fcr soziale Themen, vor allem Geschichten \u00fcber Menschen und deren besondere Lebensumst\u00e4nde nahbar und widmet sich gesellschaftlich relevanten Themen unserer Zeit.<\/p>\n\n\n\n<p class=\"post__paragraph is-style-typo--soehne has-spacing--default\">\u201eJede Auseinandersetzung und Begegnung bietet eine besondere Gelegenheit, etwas&nbsp; zu lernen, \u00fcber uns selbst und die Welt. Im Hier und Jetzt.\u201c<\/p>\n\n\n\n<p class=\"post__paragraph is-style-typo--soehne has-spacing--none\"><strong>Kontakt:<\/strong> <br>Webseite: <a href=\"https:\/\/friedhard-neumann.de\" target=\"_blank\" rel=\"noreferrer noopener\">www.friedhard-neumann.de<\/a><br>Instagram: <a href=\"https:\/\/www.instagram.com\/friedhardneumann\/\" target=\"_blank\" rel=\"noreferrer noopener\">@friedhardneumann<\/a><\/p>\n\n\n\n<p class=\"post__paragraph is-style-typo--soehne has-spacing--none\">Mail: <a href=\"mailto:info@friedhard-neumann.de\" target=\"_blank\" rel=\"noreferrer noopener\">info@friedhard-neumann.de<\/a><br>Mobil: +49176 47392951<\/p>\n\n\n<\/div>\n<\/div>","protected":false},"excerpt":{"rendered":"","protected":false},"author":25,"featured_media":0,"parent":0,"menu_order":0,"comment_status":"closed","ping_status":"closed","template":"","meta":{"_acf_changed":false,"footnotes":""},"class_list":["post-20370","page","type-page","status-publish","hentry"],"acf":[],"yoast_head":"<!-- This site is optimized with the Yoast SEO Premium plugin v27.3 (Yoast SEO v27.3) - https:\/\/yoast.com\/product\/yoast-seo-premium-wordpress\/ -->\n<title>Friedhard Neumann &#8211; Visual Journalism and Documentary Photography<\/title>\n<meta name=\"robots\" content=\"index, follow, max-snippet:-1, max-image-preview:large, max-video-preview:-1\" \/>\n<link rel=\"canonical\" href=\"https:\/\/visualjournalism.de\/en\/friedhard-neumann\/\" \/>\n<meta property=\"og:locale\" content=\"en_US\" \/>\n<meta property=\"og:type\" content=\"article\" \/>\n<meta property=\"og:title\" content=\"Friedhard Neumann\" \/>\n<meta property=\"og:url\" content=\"https:\/\/visualjournalism.de\/en\/friedhard-neumann\/\" \/>\n<meta property=\"og:site_name\" content=\"Visual Journalism and Documentary Photography\" \/>\n<meta property=\"article:publisher\" content=\"https:\/\/www.facebook.com\/people\/wwwfotostudentende\/100065173703897\/\" \/>\n<meta property=\"article:modified_time\" content=\"2023-06-07T15:30:53+00:00\" \/>\n<meta name=\"twitter:card\" content=\"summary_large_image\" \/>\n<meta name=\"twitter:site\" content=\"@HsHannover\" \/>\n<meta name=\"twitter:label1\" content=\"Est. reading time\" \/>\n\t<meta name=\"twitter:data1\" content=\"1 minute\" \/>\n<script type=\"application\/ld+json\" class=\"yoast-schema-graph\">{\"@context\":\"https:\\\/\\\/schema.org\",\"@graph\":[{\"@type\":\"WebPage\",\"@id\":\"https:\\\/\\\/visualjournalism.de\\\/en\\\/friedhard-neumann\\\/\",\"url\":\"https:\\\/\\\/visualjournalism.de\\\/en\\\/friedhard-neumann\\\/\",\"name\":\"Friedhard Neumann &#8211; Visual Journalism and Documentary Photography\",\"isPartOf\":{\"@id\":\"https:\\\/\\\/visualjournalism.de\\\/en\\\/#website\"},\"datePublished\":\"2023-06-06T10:40:59+00:00\",\"dateModified\":\"2023-06-07T15:30:53+00:00\",\"breadcrumb\":{\"@id\":\"https:\\\/\\\/visualjournalism.de\\\/en\\\/friedhard-neumann\\\/#breadcrumb\"},\"inLanguage\":\"en-US\",\"potentialAction\":[{\"@type\":\"ReadAction\",\"target\":[\"https:\\\/\\\/visualjournalism.de\\\/en\\\/friedhard-neumann\\\/\"]}]},{\"@type\":\"BreadcrumbList\",\"@id\":\"https:\\\/\\\/visualjournalism.de\\\/en\\\/friedhard-neumann\\\/#breadcrumb\",\"itemListElement\":[{\"@type\":\"ListItem\",\"position\":1,\"name\":\"Home\",\"item\":\"https:\\\/\\\/visualjournalism.de\\\/en\\\/\"},{\"@type\":\"ListItem\",\"position\":2,\"name\":\"Friedhard Neumann\"}]},{\"@type\":\"WebSite\",\"@id\":\"https:\\\/\\\/visualjournalism.de\\\/en\\\/#website\",\"url\":\"https:\\\/\\\/visualjournalism.de\\\/en\\\/\",\"name\":\"Visual Journalism and Documentary Photography\",\"description\":\"All about the bilingual bachelor&#039;s program at Hannover University of Applied Sciences and Arts.\",\"publisher\":{\"@id\":\"https:\\\/\\\/visualjournalism.de\\\/en\\\/#organization\"},\"alternateName\":\"visualjournalism.de\",\"potentialAction\":[{\"@type\":\"SearchAction\",\"target\":{\"@type\":\"EntryPoint\",\"urlTemplate\":\"https:\\\/\\\/visualjournalism.de\\\/en\\\/?s={search_term_string}\"},\"query-input\":{\"@type\":\"PropertyValueSpecification\",\"valueRequired\":true,\"valueName\":\"search_term_string\"}}],\"inLanguage\":\"en-US\"},{\"@type\":\"Organization\",\"@id\":\"https:\\\/\\\/visualjournalism.de\\\/en\\\/#organization\",\"name\":\"Hochschule Hannover \u2013 University of Applied Sciences and Arts\",\"alternateName\":\"HsH\",\"url\":\"https:\\\/\\\/visualjournalism.de\\\/en\\\/\",\"logo\":{\"@type\":\"ImageObject\",\"inLanguage\":\"en-US\",\"@id\":\"https:\\\/\\\/visualjournalism.de\\\/en\\\/#\\\/schema\\\/logo\\\/image\\\/\",\"url\":\"https:\\\/\\\/visualjournalism.de\\\/wp-content\\\/uploads\\\/logo-hochschule-hannover.png\",\"contentUrl\":\"https:\\\/\\\/visualjournalism.de\\\/wp-content\\\/uploads\\\/logo-hochschule-hannover.png\",\"width\":363,\"height\":270,\"caption\":\"Hochschule Hannover \u2013 University of Applied Sciences and Arts\"},\"image\":{\"@id\":\"https:\\\/\\\/visualjournalism.de\\\/en\\\/#\\\/schema\\\/logo\\\/image\\\/\"},\"sameAs\":[\"https:\\\/\\\/www.facebook.com\\\/people\\\/wwwfotostudentende\\\/100065173703897\\\/\",\"https:\\\/\\\/x.com\\\/HsHannover\",\"https:\\\/\\\/www.instagram.com\\\/visualjournalism.de\\\/\"]}]}<\/script>\n<!-- \/ Yoast SEO Premium plugin. -->","yoast_head_json":{"title":"Friedhard Neumann &#8211; Visual Journalism and Documentary Photography","robots":{"index":"index","follow":"follow","max-snippet":"max-snippet:-1","max-image-preview":"max-image-preview:large","max-video-preview":"max-video-preview:-1"},"canonical":"https:\/\/visualjournalism.de\/en\/friedhard-neumann\/","og_locale":"en_US","og_type":"article","og_title":"Friedhard Neumann","og_url":"https:\/\/visualjournalism.de\/en\/friedhard-neumann\/","og_site_name":"Visual Journalism and Documentary Photography","article_publisher":"https:\/\/www.facebook.com\/people\/wwwfotostudentende\/100065173703897\/","article_modified_time":"2023-06-07T15:30:53+00:00","twitter_card":"summary_large_image","twitter_site":"@HsHannover","twitter_misc":{"Est. reading time":"1 minute"},"schema":{"@context":"https:\/\/schema.org","@graph":[{"@type":"WebPage","@id":"https:\/\/visualjournalism.de\/en\/friedhard-neumann\/","url":"https:\/\/visualjournalism.de\/en\/friedhard-neumann\/","name":"Friedhard Neumann &#8211; Visual Journalism and Documentary Photography","isPartOf":{"@id":"https:\/\/visualjournalism.de\/en\/#website"},"datePublished":"2023-06-06T10:40:59+00:00","dateModified":"2023-06-07T15:30:53+00:00","breadcrumb":{"@id":"https:\/\/visualjournalism.de\/en\/friedhard-neumann\/#breadcrumb"},"inLanguage":"en-US","potentialAction":[{"@type":"ReadAction","target":["https:\/\/visualjournalism.de\/en\/friedhard-neumann\/"]}]},{"@type":"BreadcrumbList","@id":"https:\/\/visualjournalism.de\/en\/friedhard-neumann\/#breadcrumb","itemListElement":[{"@type":"ListItem","position":1,"name":"Home","item":"https:\/\/visualjournalism.de\/en\/"},{"@type":"ListItem","position":2,"name":"Friedhard Neumann"}]},{"@type":"WebSite","@id":"https:\/\/visualjournalism.de\/en\/#website","url":"https:\/\/visualjournalism.de\/en\/","name":"Visual Journalism and Documentary Photography","description":"All about the bilingual bachelor&#039;s program at Hannover University of Applied Sciences and Arts.","publisher":{"@id":"https:\/\/visualjournalism.de\/en\/#organization"},"alternateName":"visualjournalism.de","potentialAction":[{"@type":"SearchAction","target":{"@type":"EntryPoint","urlTemplate":"https:\/\/visualjournalism.de\/en\/?s={search_term_string}"},"query-input":{"@type":"PropertyValueSpecification","valueRequired":true,"valueName":"search_term_string"}}],"inLanguage":"en-US"},{"@type":"Organization","@id":"https:\/\/visualjournalism.de\/en\/#organization","name":"Hochschule Hannover \u2013 University of Applied Sciences and Arts","alternateName":"HsH","url":"https:\/\/visualjournalism.de\/en\/","logo":{"@type":"ImageObject","inLanguage":"en-US","@id":"https:\/\/visualjournalism.de\/en\/#\/schema\/logo\/image\/","url":"https:\/\/visualjournalism.de\/wp-content\/uploads\/logo-hochschule-hannover.png","contentUrl":"https:\/\/visualjournalism.de\/wp-content\/uploads\/logo-hochschule-hannover.png","width":363,"height":270,"caption":"Hochschule Hannover \u2013 University of Applied Sciences and Arts"},"image":{"@id":"https:\/\/visualjournalism.de\/en\/#\/schema\/logo\/image\/"},"sameAs":["https:\/\/www.facebook.com\/people\/wwwfotostudentende\/100065173703897\/","https:\/\/x.com\/HsHannover","https:\/\/www.instagram.com\/visualjournalism.de\/"]}]}},"_links":{"self":[{"href":"https:\/\/visualjournalism.de\/en\/wp-json\/wp\/v2\/pages\/20370","targetHints":{"allow":["GET"]}}],"collection":[{"href":"https:\/\/visualjournalism.de\/en\/wp-json\/wp\/v2\/pages"}],"about":[{"href":"https:\/\/visualjournalism.de\/en\/wp-json\/wp\/v2\/types\/page"}],"author":[{"embeddable":true,"href":"https:\/\/visualjournalism.de\/en\/wp-json\/wp\/v2\/users\/25"}],"replies":[{"embeddable":true,"href":"https:\/\/visualjournalism.de\/en\/wp-json\/wp\/v2\/comments?post=20370"}],"version-history":[{"count":0,"href":"https:\/\/visualjournalism.de\/en\/wp-json\/wp\/v2\/pages\/20370\/revisions"}],"wp:attachment":[{"href":"https:\/\/visualjournalism.de\/en\/wp-json\/wp\/v2\/media?parent=20370"}],"curies":[{"name":"wp","href":"https:\/\/api.w.org\/{rel}","templated":true}]}}

<div id="lead-in-block_2a50227b91385870c627c2f3002cd62f" class="block-lead-in typo--default font-size--xl has-spacing--m width--default">
        <h1><strong>Friedhard Neumann</strong></h1>
    </div>




<div class="pinned-block has-spacing--m">
	

<div class="pinned-block__column--left">
    
    <figure class="block-photo post__image--full has-spacing--m with-title">

        <div class="post__image__container">
            <img loading="lazy" decoding="async" 
                src="https://visualjournalism.de/wp-content/uploads/EFC225F8-DCB5-4366-9D52-6475A3AE570D-2-1400x1400.jpg"
                srcset="https://visualjournalism.de/wp-content/uploads/EFC225F8-DCB5-4366-9D52-6475A3AE570D-2-1400x1400.jpg 1400w, https://visualjournalism.de/wp-content/uploads/EFC225F8-DCB5-4366-9D52-6475A3AE570D-2-300x300.jpg 300w, https://visualjournalism.de/wp-content/uploads/EFC225F8-DCB5-4366-9D52-6475A3AE570D-2-1024x1024.jpg 1024w, https://visualjournalism.de/wp-content/uploads/EFC225F8-DCB5-4366-9D52-6475A3AE570D-2-150x150.jpg 150w, https://visualjournalism.de/wp-content/uploads/EFC225F8-DCB5-4366-9D52-6475A3AE570D-2-768x768.jpg 768w, https://visualjournalism.de/wp-content/uploads/EFC225F8-DCB5-4366-9D52-6475A3AE570D-2-1050x1050.jpg 1050w, https://visualjournalism.de/wp-content/uploads/EFC225F8-DCB5-4366-9D52-6475A3AE570D-2-670x670.jpg 670w, https://visualjournalism.de/wp-content/uploads/EFC225F8-DCB5-4366-9D52-6475A3AE570D-2-420x420.jpg 420w, https://visualjournalism.de/wp-content/uploads/EFC225F8-DCB5-4366-9D52-6475A3AE570D-2-350x350.jpg 350w, https://visualjournalism.de/wp-content/uploads/EFC225F8-DCB5-4366-9D52-6475A3AE570D-2-52x52.jpg 52w, https://visualjournalism.de/wp-content/uploads/EFC225F8-DCB5-4366-9D52-6475A3AE570D-2-68x68.jpg 68w, https://visualjournalism.de/wp-content/uploads/EFC225F8-DCB5-4366-9D52-6475A3AE570D-2-96x96.jpg 96w, https://visualjournalism.de/wp-content/uploads/EFC225F8-DCB5-4366-9D52-6475A3AE570D-2.jpg 1536w"
                width="1400" 
                height="1400"
                alt="" 
            />
            
                            <span class="post__image__title">laptev.photo@gmail.com</span>
                    </div><!-- post__image__container -->

        
    </figure><!-- post__image -->



</div>


<div class="pinned-block__column--right">
    

<p class="post__paragraph is-style-typo--soehne has-spacing--default"><strong>Friedhard Neumann</strong> wurde im Monat des Mauerfalls 1989 in Frankfurt (Oder)&nbsp; geboren und ist im Grenzgebiet zu Polen aufgewachsen.&nbsp;</p>



<p class="post__paragraph is-style-typo--soehne has-spacing--default">Nachdem er sein Studium der Sozialen Arbeit in Berlin abgeschlossen hat, ist er u.a. über ein Porträtseminar an der Ostkreuzschule auf die Leidenschaft zur Fotografie gekommen. Während einer Zeit der Neuausrichtung in der Schweiz&nbsp; hat er sich für das Studium „Visual Journalism and Documentary Photography“ an der Hochschule Hannover entschieden. Seitdem setzt er sich mit dem Medium der Fotografie und den Erzählweisen im dokumentarisch journalistischen Storytelling vertieft auseinander.&nbsp;</p>



<p class="post__paragraph is-style-typo--soehne has-spacing--default"> <strong>Themen:</strong> In seinen fotografischen Projekten macht er, mit besonderem Blick für soziale Themen, vor allem Geschichten über Menschen und deren besondere Lebensumstände nahbar und widmet sich gesellschaftlich relevanten Themen unserer Zeit.</p>



<p class="post__paragraph is-style-typo--soehne has-spacing--default">„Jede Auseinandersetzung und Begegnung bietet eine besondere Gelegenheit, etwas&nbsp; zu lernen, über uns selbst und die Welt. Im Hier und Jetzt.“</p>



<p class="post__paragraph is-style-typo--soehne has-spacing--none"><strong>Kontakt:</strong> <br>Webseite: <a href="https://friedhard-neumann.de" target="_blank" rel="noreferrer noopener">www.friedhard-neumann.de</a><br>Instagram: <a href="https://www.instagram.com/friedhardneumann/" target="_blank" rel="noreferrer noopener">@friedhardneumann</a></p>



<p class="post__paragraph is-style-typo--soehne has-spacing--none">Mail: <a href="mailto:info@friedhard-neumann.de" target="_blank" rel="noreferrer noopener">info@friedhard-neumann.de</a><br>Mobil: +49176 47392951</p>


</div>
</div>
