{"id":41102,"date":"2024-04-23T08:19:36","date_gmt":"2024-04-23T08:19:36","guid":{"rendered":"https:\/\/visualjournalism.de\/?page_id=41102"},"modified":"2024-04-23T09:23:37","modified_gmt":"2024-04-23T09:23:37","slug":"finn-andorra","status":"publish","type":"page","link":"https:\/\/visualjournalism.de\/en\/finn-andorra\/","title":{"rendered":"Finn Andorra"},"content":{"rendered":"\n \n\n    <div id=\"lead-in-block_4926eaf7e0b35942478b654ebee9ec77\" class=\"block-lead-in typo--default font-size--xl has-spacing--m width--default\">\n        <h1><strong>Finn Andorra<\/strong><\/h1>\n    <\/div>\n\n\n\n\n<div class=\"pinned-block has-spacing--xs\">\n\t\n\n<div class=\"pinned-block__column--left\">\n    \n    <figure class=\"block-photo post__image--full has-spacing--m with-title\">\n\n        <div class=\"post__image__container\">\n            <img loading=\"lazy\" decoding=\"async\" \n                src=\"https:\/\/visualjournalism.de\/wp-content\/uploads\/221102-hsh-studio-8-1400x1000.jpg\"\n                srcset=\"https:\/\/visualjournalism.de\/wp-content\/uploads\/221102-hsh-studio-8-1400x1000.jpg 1400w, https:\/\/visualjournalism.de\/wp-content\/uploads\/221102-hsh-studio-8-300x214.jpg 300w, https:\/\/visualjournalism.de\/wp-content\/uploads\/221102-hsh-studio-8-1024x732.jpg 1024w, https:\/\/visualjournalism.de\/wp-content\/uploads\/221102-hsh-studio-8-768x549.jpg 768w, https:\/\/visualjournalism.de\/wp-content\/uploads\/221102-hsh-studio-8-1536x1097.jpg 1536w, https:\/\/visualjournalism.de\/wp-content\/uploads\/221102-hsh-studio-8-2048x1463.jpg 2048w, https:\/\/visualjournalism.de\/wp-content\/uploads\/221102-hsh-studio-8-1920x1372.jpg 1920w, https:\/\/visualjournalism.de\/wp-content\/uploads\/221102-hsh-studio-8-1050x750.jpg 1050w, https:\/\/visualjournalism.de\/wp-content\/uploads\/221102-hsh-studio-8-670x479.jpg 670w, https:\/\/visualjournalism.de\/wp-content\/uploads\/221102-hsh-studio-8-420x300.jpg 420w, https:\/\/visualjournalism.de\/wp-content\/uploads\/221102-hsh-studio-8-350x250.jpg 350w, https:\/\/visualjournalism.de\/wp-content\/uploads\/221102-hsh-studio-8-150x107.jpg 150w\"\n                width=\"1400\" \n                height=\"1000\"\n                alt=\"\" \n            \/>\n            \n                            <span class=\"post__image__title\">Foto: Elif Muhit<\/span>\n                    <\/div><!-- post__image__container -->\n\n                    <figcaption class=\"post__image__caption--tiempos\"><p>Foto: Elif Muhit<\/p>\n<\/figcaption>\n        \n    <\/figure><!-- post__image -->\n\n\n\n<\/div>\n\n\n<div class=\"pinned-block__column--right\">\n    \n\n<p class=\"post__paragraph is-style-typo--soehne has-spacing--default\"><strong>Finn Andorra<\/strong> ist freier Journalist und arbeitet multimedial zu Klimakrise, sozialen Bewegungen &amp; Migration. Seit 2022 studiert Finn Visual Journalism &amp; Documentary Photography an der Hochschule Hannover. Arbeiten von Finn erschienen in verschiedenen \u00fcberregionalen Medien.<\/p>\n\n\n\n<p class=\"post__paragraph is-style-typo--soehne has-spacing--default\"><strong>Kontakt:<\/strong><\/p>\n\n\n\n<p class=\"post__paragraph is-style-typo--soehne has-spacing--default\">Finn Andorra \u2014 Freier Journalist, Foto \/ Video \/ Text<\/p>\n\n\n\n<p class=\"post__paragraph is-style-typo--soehne has-spacing--default\">E-Mail: info@finnandorra.de<\/p>\n\n\n\n<p class=\"post__paragraph is-style-typo--soehne has-spacing--default\"><a href=\"https:\/\/instagram.com\/finnandorra\">@finnandorra<\/a><br><a href=\"http:\/\/finnandorra.de\">finnandorra.de<\/a><\/p>\n\n\n\n<p class=\"post__paragraph has-spacing--default\"><\/p>\n\n\n<\/div>\n<\/div>\n\n\n<div class=\"devider has-spacing--none\">\n    <hr>\n<\/div>\n\n\n \n\n    <div id=\"lead-in-block_fa25a8bbae754d39225f75b6d4835350\" class=\"block-lead-in typo--default font-size--default has-spacing--xs width--default\">\n        <p><strong>Finns Beitr\u00e4ge:<\/strong><\/p>\n    <\/div>\n\n\n\n\r\n<article class=\"post-teaser teaser-single--full has-spacing--m post-30544 magazin type-magazin status-publish has-post-thumbnail hentry magazinkategorie-stille\">\r\n\t<header class=\"entry-header\">\r\n\r\n\t\t<div class=\"entry-categories\">\n\t<a class=\"post__tag\" href=\"https:\/\/visualjournalism.de\/magazin-kategorie\/stille\/\" rel=\"category tag\">Stille<\/a><\/div>\r\n\t\t<a href=\"https:\/\/visualjournalism.de\/en\/magazine\/stille\/das-ungehoerte-fuehlen\/\" rel=\"bookmark\">\r\n\t\t\t<h2 class=\"entry-title\">Das Ungeh\u00f6rte f\u00fchlen.<\/h2>\r\n\t\t\t<p class=\"entry-excerpt\">Was bedeutet Stille f\u00fcr einen buddhistischen M\u00f6nch, eine DJane, einen Geh\u00f6rlosen? Studierende aus dem zweiten Semester haben zehn Menschen befragt und in kurzen Videos ihre Geschichten aufgezeichnet.<\/p>\r\n\t\t<\/a>\r\n\r\n\t<\/header><!-- .entry-header -->\r\n\r\n\t<figure class=\"post__image\">\r\n\t\t<a href=\"https:\/\/visualjournalism.de\/en\/magazine\/stille\/das-ungehoerte-fuehlen\/\" rel=\"bookmark\">\r\n\t\t\t<video class=\"post__video\" autoplay loop muted playsinline>\n\t<source src=\"https:\/\/visualjournalism.de\/wp-content\/uploads\/Teaser-Stimmen-zur-Stille.mp4\" type=\"video\/mp4\">\n\tYour browser does not support the video tag.\n<\/video>\t\t<\/a>\r\n\t<\/figure><!-- .post__image -->\r\n\r\n<\/article>\r\n","protected":false},"excerpt":{"rendered":"","protected":false},"author":80,"featured_media":0,"parent":0,"menu_order":0,"comment_status":"closed","ping_status":"closed","template":"","meta":{"_acf_changed":false,"footnotes":""},"class_list":["post-41102","page","type-page","status-publish","hentry"],"acf":[],"yoast_head":"<!-- This site is optimized with the Yoast SEO Premium plugin v27.3 (Yoast SEO v27.3) - https:\/\/yoast.com\/product\/yoast-seo-premium-wordpress\/ -->\n<title>Finn Andorra &#8211; Visual Journalism and Documentary Photography<\/title>\n<meta name=\"robots\" content=\"index, follow, max-snippet:-1, max-image-preview:large, max-video-preview:-1\" \/>\n<link rel=\"canonical\" href=\"https:\/\/visualjournalism.de\/en\/finn-andorra\/\" \/>\n<meta property=\"og:locale\" content=\"en_US\" \/>\n<meta property=\"og:type\" content=\"article\" \/>\n<meta property=\"og:title\" content=\"Finn Andorra\" \/>\n<meta property=\"og:url\" content=\"https:\/\/visualjournalism.de\/en\/finn-andorra\/\" \/>\n<meta property=\"og:site_name\" content=\"Visual Journalism and Documentary Photography\" \/>\n<meta property=\"article:publisher\" content=\"https:\/\/www.facebook.com\/people\/wwwfotostudentende\/100065173703897\/\" \/>\n<meta property=\"article:modified_time\" content=\"2024-04-23T09:23:37+00:00\" \/>\n<meta name=\"twitter:card\" content=\"summary_large_image\" \/>\n<meta name=\"twitter:site\" content=\"@HsHannover\" \/>\n<meta name=\"twitter:label1\" content=\"Est. reading time\" \/>\n\t<meta name=\"twitter:data1\" content=\"1 minute\" \/>\n<script type=\"application\/ld+json\" class=\"yoast-schema-graph\">{\"@context\":\"https:\\\/\\\/schema.org\",\"@graph\":[{\"@type\":\"WebPage\",\"@id\":\"https:\\\/\\\/visualjournalism.de\\\/en\\\/finn-andorra\\\/\",\"url\":\"https:\\\/\\\/visualjournalism.de\\\/en\\\/finn-andorra\\\/\",\"name\":\"Finn Andorra &#8211; Visual Journalism and Documentary Photography\",\"isPartOf\":{\"@id\":\"https:\\\/\\\/visualjournalism.de\\\/en\\\/#website\"},\"datePublished\":\"2024-04-23T08:19:36+00:00\",\"dateModified\":\"2024-04-23T09:23:37+00:00\",\"breadcrumb\":{\"@id\":\"https:\\\/\\\/visualjournalism.de\\\/en\\\/finn-andorra\\\/#breadcrumb\"},\"inLanguage\":\"en-US\",\"potentialAction\":[{\"@type\":\"ReadAction\",\"target\":[\"https:\\\/\\\/visualjournalism.de\\\/en\\\/finn-andorra\\\/\"]}]},{\"@type\":\"BreadcrumbList\",\"@id\":\"https:\\\/\\\/visualjournalism.de\\\/en\\\/finn-andorra\\\/#breadcrumb\",\"itemListElement\":[{\"@type\":\"ListItem\",\"position\":1,\"name\":\"Home\",\"item\":\"https:\\\/\\\/visualjournalism.de\\\/en\\\/\"},{\"@type\":\"ListItem\",\"position\":2,\"name\":\"Finn Andorra\"}]},{\"@type\":\"WebSite\",\"@id\":\"https:\\\/\\\/visualjournalism.de\\\/en\\\/#website\",\"url\":\"https:\\\/\\\/visualjournalism.de\\\/en\\\/\",\"name\":\"Visual Journalism and Documentary Photography\",\"description\":\"All about the bilingual bachelor&#039;s program at Hannover University of Applied Sciences and Arts.\",\"publisher\":{\"@id\":\"https:\\\/\\\/visualjournalism.de\\\/en\\\/#organization\"},\"alternateName\":\"visualjournalism.de\",\"potentialAction\":[{\"@type\":\"SearchAction\",\"target\":{\"@type\":\"EntryPoint\",\"urlTemplate\":\"https:\\\/\\\/visualjournalism.de\\\/en\\\/?s={search_term_string}\"},\"query-input\":{\"@type\":\"PropertyValueSpecification\",\"valueRequired\":true,\"valueName\":\"search_term_string\"}}],\"inLanguage\":\"en-US\"},{\"@type\":\"Organization\",\"@id\":\"https:\\\/\\\/visualjournalism.de\\\/en\\\/#organization\",\"name\":\"Hochschule Hannover \u2013 University of Applied Sciences and Arts\",\"alternateName\":\"HsH\",\"url\":\"https:\\\/\\\/visualjournalism.de\\\/en\\\/\",\"logo\":{\"@type\":\"ImageObject\",\"inLanguage\":\"en-US\",\"@id\":\"https:\\\/\\\/visualjournalism.de\\\/en\\\/#\\\/schema\\\/logo\\\/image\\\/\",\"url\":\"https:\\\/\\\/visualjournalism.de\\\/wp-content\\\/uploads\\\/logo-hochschule-hannover.png\",\"contentUrl\":\"https:\\\/\\\/visualjournalism.de\\\/wp-content\\\/uploads\\\/logo-hochschule-hannover.png\",\"width\":363,\"height\":270,\"caption\":\"Hochschule Hannover \u2013 University of Applied Sciences and Arts\"},\"image\":{\"@id\":\"https:\\\/\\\/visualjournalism.de\\\/en\\\/#\\\/schema\\\/logo\\\/image\\\/\"},\"sameAs\":[\"https:\\\/\\\/www.facebook.com\\\/people\\\/wwwfotostudentende\\\/100065173703897\\\/\",\"https:\\\/\\\/x.com\\\/HsHannover\",\"https:\\\/\\\/www.instagram.com\\\/visualjournalism.de\\\/\"]}]}<\/script>\n<!-- \/ Yoast SEO Premium plugin. -->","yoast_head_json":{"title":"Finn Andorra &#8211; Visual Journalism and Documentary Photography","robots":{"index":"index","follow":"follow","max-snippet":"max-snippet:-1","max-image-preview":"max-image-preview:large","max-video-preview":"max-video-preview:-1"},"canonical":"https:\/\/visualjournalism.de\/en\/finn-andorra\/","og_locale":"en_US","og_type":"article","og_title":"Finn Andorra","og_url":"https:\/\/visualjournalism.de\/en\/finn-andorra\/","og_site_name":"Visual Journalism and Documentary Photography","article_publisher":"https:\/\/www.facebook.com\/people\/wwwfotostudentende\/100065173703897\/","article_modified_time":"2024-04-23T09:23:37+00:00","twitter_card":"summary_large_image","twitter_site":"@HsHannover","twitter_misc":{"Est. reading time":"1 minute"},"schema":{"@context":"https:\/\/schema.org","@graph":[{"@type":"WebPage","@id":"https:\/\/visualjournalism.de\/en\/finn-andorra\/","url":"https:\/\/visualjournalism.de\/en\/finn-andorra\/","name":"Finn Andorra &#8211; Visual Journalism and Documentary Photography","isPartOf":{"@id":"https:\/\/visualjournalism.de\/en\/#website"},"datePublished":"2024-04-23T08:19:36+00:00","dateModified":"2024-04-23T09:23:37+00:00","breadcrumb":{"@id":"https:\/\/visualjournalism.de\/en\/finn-andorra\/#breadcrumb"},"inLanguage":"en-US","potentialAction":[{"@type":"ReadAction","target":["https:\/\/visualjournalism.de\/en\/finn-andorra\/"]}]},{"@type":"BreadcrumbList","@id":"https:\/\/visualjournalism.de\/en\/finn-andorra\/#breadcrumb","itemListElement":[{"@type":"ListItem","position":1,"name":"Home","item":"https:\/\/visualjournalism.de\/en\/"},{"@type":"ListItem","position":2,"name":"Finn Andorra"}]},{"@type":"WebSite","@id":"https:\/\/visualjournalism.de\/en\/#website","url":"https:\/\/visualjournalism.de\/en\/","name":"Visual Journalism and Documentary Photography","description":"All about the bilingual bachelor&#039;s program at Hannover University of Applied Sciences and Arts.","publisher":{"@id":"https:\/\/visualjournalism.de\/en\/#organization"},"alternateName":"visualjournalism.de","potentialAction":[{"@type":"SearchAction","target":{"@type":"EntryPoint","urlTemplate":"https:\/\/visualjournalism.de\/en\/?s={search_term_string}"},"query-input":{"@type":"PropertyValueSpecification","valueRequired":true,"valueName":"search_term_string"}}],"inLanguage":"en-US"},{"@type":"Organization","@id":"https:\/\/visualjournalism.de\/en\/#organization","name":"Hochschule Hannover \u2013 University of Applied Sciences and Arts","alternateName":"HsH","url":"https:\/\/visualjournalism.de\/en\/","logo":{"@type":"ImageObject","inLanguage":"en-US","@id":"https:\/\/visualjournalism.de\/en\/#\/schema\/logo\/image\/","url":"https:\/\/visualjournalism.de\/wp-content\/uploads\/logo-hochschule-hannover.png","contentUrl":"https:\/\/visualjournalism.de\/wp-content\/uploads\/logo-hochschule-hannover.png","width":363,"height":270,"caption":"Hochschule Hannover \u2013 University of Applied Sciences and Arts"},"image":{"@id":"https:\/\/visualjournalism.de\/en\/#\/schema\/logo\/image\/"},"sameAs":["https:\/\/www.facebook.com\/people\/wwwfotostudentende\/100065173703897\/","https:\/\/x.com\/HsHannover","https:\/\/www.instagram.com\/visualjournalism.de\/"]}]}},"_links":{"self":[{"href":"https:\/\/visualjournalism.de\/en\/wp-json\/wp\/v2\/pages\/41102","targetHints":{"allow":["GET"]}}],"collection":[{"href":"https:\/\/visualjournalism.de\/en\/wp-json\/wp\/v2\/pages"}],"about":[{"href":"https:\/\/visualjournalism.de\/en\/wp-json\/wp\/v2\/types\/page"}],"author":[{"embeddable":true,"href":"https:\/\/visualjournalism.de\/en\/wp-json\/wp\/v2\/users\/80"}],"replies":[{"embeddable":true,"href":"https:\/\/visualjournalism.de\/en\/wp-json\/wp\/v2\/comments?post=41102"}],"version-history":[{"count":0,"href":"https:\/\/visualjournalism.de\/en\/wp-json\/wp\/v2\/pages\/41102\/revisions"}],"wp:attachment":[{"href":"https:\/\/visualjournalism.de\/en\/wp-json\/wp\/v2\/media?parent=41102"}],"curies":[{"name":"wp","href":"https:\/\/api.w.org\/{rel}","templated":true}]}}

<div id="lead-in-block_4926eaf7e0b35942478b654ebee9ec77" class="block-lead-in typo--default font-size--xl has-spacing--m width--default">
        <h1><strong>Finn Andorra</strong></h1>
    </div>




<div class="pinned-block has-spacing--xs">
	

<div class="pinned-block__column--left">
    
    <figure class="block-photo post__image--full has-spacing--m with-title">

        <div class="post__image__container">
            <img loading="lazy" decoding="async" 
                src="https://visualjournalism.de/wp-content/uploads/221102-hsh-studio-8-1400x1000.jpg"
                srcset="https://visualjournalism.de/wp-content/uploads/221102-hsh-studio-8-1400x1000.jpg 1400w, https://visualjournalism.de/wp-content/uploads/221102-hsh-studio-8-300x214.jpg 300w, https://visualjournalism.de/wp-content/uploads/221102-hsh-studio-8-1024x732.jpg 1024w, https://visualjournalism.de/wp-content/uploads/221102-hsh-studio-8-768x549.jpg 768w, https://visualjournalism.de/wp-content/uploads/221102-hsh-studio-8-1536x1097.jpg 1536w, https://visualjournalism.de/wp-content/uploads/221102-hsh-studio-8-2048x1463.jpg 2048w, https://visualjournalism.de/wp-content/uploads/221102-hsh-studio-8-1920x1372.jpg 1920w, https://visualjournalism.de/wp-content/uploads/221102-hsh-studio-8-1050x750.jpg 1050w, https://visualjournalism.de/wp-content/uploads/221102-hsh-studio-8-670x479.jpg 670w, https://visualjournalism.de/wp-content/uploads/221102-hsh-studio-8-420x300.jpg 420w, https://visualjournalism.de/wp-content/uploads/221102-hsh-studio-8-350x250.jpg 350w, https://visualjournalism.de/wp-content/uploads/221102-hsh-studio-8-150x107.jpg 150w"
                width="1400" 
                height="1000"
                alt="" 
            />
            
                            <span class="post__image__title">Foto: Elif Muhit</span>
                    </div><!-- post__image__container -->

                    <figcaption class="post__image__caption--tiempos"><p>Foto: Elif Muhit</p>
</figcaption>
        
    </figure><!-- post__image -->



</div>


<div class="pinned-block__column--right">
    

<p class="post__paragraph is-style-typo--soehne has-spacing--default"><strong>Finn Andorra</strong> ist freier Journalist und arbeitet multimedial zu Klimakrise, sozialen Bewegungen &amp; Migration. Seit 2022 studiert Finn Visual Journalism &amp; Documentary Photography an der Hochschule Hannover. Arbeiten von Finn erschienen in verschiedenen überregionalen Medien.</p>



<p class="post__paragraph is-style-typo--soehne has-spacing--default"><strong>Kontakt:</strong></p>



<p class="post__paragraph is-style-typo--soehne has-spacing--default">Finn Andorra — Freier Journalist, Foto / Video / Text</p>



<p class="post__paragraph is-style-typo--soehne has-spacing--default">E-Mail: info@finnandorra.de</p>



<p class="post__paragraph is-style-typo--soehne has-spacing--default"><a href="https://instagram.com/finnandorra">@finnandorra</a><br><a href="http://finnandorra.de">finnandorra.de</a></p>



<p class="post__paragraph has-spacing--default"></p>


</div>
</div>


<div class="devider has-spacing--none">
    <hr>
</div>


 

    <div id="lead-in-block_fa25a8bbae754d39225f75b6d4835350" class="block-lead-in typo--default font-size--default has-spacing--xs width--default">
        <p><strong>Finns Beiträge:</strong></p>
    </div>




<article class="post-teaser teaser-single--full has-spacing--m post-30544 magazin type-magazin status-publish has-post-thumbnail hentry magazinkategorie-stille">
	<header class="entry-header">

		<div class="entry-categories">
	<a class="post__tag" href="https://visualjournalism.de/magazin-kategorie/stille/" rel="category tag">Stille</a></div>
		<a href="https://visualjournalism.de/en/magazine/stille/das-ungehoerte-fuehlen/" rel="bookmark">
			<h2 class="entry-title">Das Ungehörte fühlen.</h2>
			<p class="entry-excerpt">Was bedeutet Stille für einen buddhistischen Mönch, eine DJane, einen Gehörlosen? Studierende aus dem zweiten Semester haben zehn Menschen befragt und in kurzen Videos ihre Geschichten aufgezeichnet.</p>
		</a>

	</header><!-- .entry-header -->

	<figure class="post__image">
		<a href="https://visualjournalism.de/en/magazine/stille/das-ungehoerte-fuehlen/" rel="bookmark">
			<video class="post__video" autoplay loop muted playsinline>
	<source src="https://visualjournalism.de/wp-content/uploads/Teaser-Stimmen-zur-Stille.mp4" type="video/mp4">
	Your browser does not support the video tag.
</video>		</a>
	</figure><!-- .post__image -->

</article>
