{"id":69960,"date":"2026-03-31T19:12:04","date_gmt":"2026-03-31T17:12:04","guid":{"rendered":"https:\/\/visualjournalism.de\/?page_id=69960"},"modified":"2026-03-31T19:12:07","modified_gmt":"2026-03-31T17:12:07","slug":"anna-daliah-behnke","status":"publish","type":"page","link":"https:\/\/visualjournalism.de\/en\/anna-daliah-behnke\/","title":{"rendered":"Anna Daliah Behnke"},"content":{"rendered":"\n \n\n    <div id=\"lead-in-block_127260a1be3f347c70e7abdeb258cd36\" class=\"block-lead-in typo--default font-size--xl has-spacing--m width--default\">\n        <h1>Anna Daliah Behnke<\/h1>\n    <\/div>\n\n\n\n\n<div class=\"tableau has-spacing--m\">\n\t\n\n<div class=\"tableau__column--left\">\n    \n    <figure class=\"block-photo post__image--full has-spacing--m with-title\">\n\n        <div class=\"post__image__container\">\n            <img loading=\"lazy\" decoding=\"async\" \n                src=\"https:\/\/visualjournalism.de\/wp-content\/uploads\/2026\/03\/20240130_164807.jpg\"\n                srcset=\"https:\/\/visualjournalism.de\/wp-content\/uploads\/2026\/03\/20240130_164807.jpg 918w, https:\/\/visualjournalism.de\/wp-content\/uploads\/2026\/03\/20240130_164807-225x300.jpg 225w, https:\/\/visualjournalism.de\/wp-content\/uploads\/2026\/03\/20240130_164807-768x1024.jpg 768w, https:\/\/visualjournalism.de\/wp-content\/uploads\/2026\/03\/20240130_164807-670x893.jpg 670w, https:\/\/visualjournalism.de\/wp-content\/uploads\/2026\/03\/20240130_164807-420x560.jpg 420w, https:\/\/visualjournalism.de\/wp-content\/uploads\/2026\/03\/20240130_164807-350x467.jpg 350w, https:\/\/visualjournalism.de\/wp-content\/uploads\/2026\/03\/20240130_164807-300x400.jpg 300w, https:\/\/visualjournalism.de\/wp-content\/uploads\/2026\/03\/20240130_164807-640x853.jpg 640w, https:\/\/visualjournalism.de\/wp-content\/uploads\/2026\/03\/20240130_164807-150x200.jpg 150w\"\n                width=\"918\" \n                height=\"1224\"\n                alt=\"\" \n            \/>\n            \n                            <span class=\"post__image__title\">Anna Daliah Behnke<\/span>\n                    <\/div><!-- post__image__container -->\n\n        \n    <\/figure><!-- post__image -->\n\n\n\n<\/div>\n\n\n<div class=\"tableau__column--right\">\n    \n\n<p class=\"post__paragraph has-spacing--default\"><strong>Anna Daliah Behnke<\/strong>, geboren im Jahr 2005 in Hameln und aufgewachsen im Weserbergland im kleinen Dorf Fuhlen, entwickelte fr\u00fch eine Leidenschaft f\u00fcr visuelles Erz\u00e4hlen.<\/p>\n\n\n\n<p class=\"post__paragraph has-spacing--default\">Bereits 2020 wurde sie im Alter von 15 Jahren beim Wettbewerb \u201eAusweg gesucht\u201c in der Kategorie Film (15\u201317 Jahre) f\u00fcr ihren Beitrag ausgezeichnet. Auf der Suche nach weiteren Ausdrucksm\u00f6glichkeiten realisierte sie unter anderem die Ausstellung \u201ePortraits der Lebensfreude\u201c. Im Rahmen ihres Studiums konnte sie ihre fotografische und filmische Praxis kontinuierlich erweitern.<\/p>\n\n\n\n<p class=\"post__paragraph has-spacing--default\">Ihre Arbeiten wurden bereits in mehreren regionalen und \u00fcberregionalen Medien ver\u00f6ffentlicht, darunter die HAZ, die Kieler Zeitung, die Leipziger Volkszeitung sowie die Dewezet. Zudem ist sie ein engagiertes Mitglied des Fotobus.<\/p>\n\n\n\n<p class=\"post__paragraph has-spacing--default\">Ihre Arbeitsethik basiert auf dem Wunsch, Menschen kennenzulernen, positive Geschichten sichtbar zu machen und im lokalen Umfeld in engem Austausch zu stehen.<\/p>\n\n\n\n<p class=\"post__paragraph is-style-typo--soehne has-spacing--none\"><strong>Kontakt<\/strong><\/p>\n\n\n\n<p class=\"post__paragraph is-style-typo--soehne has-spacing--xs\">\u260e\ufe0f 0179 4369476                                                           \ud83d\udce8 daliah.behnke@gmail.com<\/p>\n\n\n<\/div>\n<\/div>","protected":false},"excerpt":{"rendered":"","protected":false},"author":134,"featured_media":0,"parent":0,"menu_order":0,"comment_status":"closed","ping_status":"closed","template":"","meta":{"_acf_changed":false,"footnotes":""},"class_list":["post-69960","page","type-page","status-publish","hentry"],"acf":[],"yoast_head":"<!-- This site is optimized with the Yoast SEO Premium plugin v27.3 (Yoast SEO v27.3) - https:\/\/yoast.com\/product\/yoast-seo-premium-wordpress\/ -->\n<title>Anna Daliah Behnke &#8211; Visual Journalism and Documentary Photography<\/title>\n<meta name=\"robots\" content=\"index, follow, max-snippet:-1, max-image-preview:large, max-video-preview:-1\" \/>\n<link rel=\"canonical\" href=\"https:\/\/visualjournalism.de\/en\/anna-daliah-behnke\/\" \/>\n<meta property=\"og:locale\" content=\"en_US\" \/>\n<meta property=\"og:type\" content=\"article\" \/>\n<meta property=\"og:title\" content=\"Anna Daliah Behnke\" \/>\n<meta property=\"og:url\" content=\"https:\/\/visualjournalism.de\/en\/anna-daliah-behnke\/\" \/>\n<meta property=\"og:site_name\" content=\"Visual Journalism and Documentary Photography\" \/>\n<meta property=\"article:publisher\" content=\"https:\/\/www.facebook.com\/people\/wwwfotostudentende\/100065173703897\/\" \/>\n<meta property=\"article:modified_time\" content=\"2026-03-31T17:12:07+00:00\" \/>\n<meta name=\"twitter:card\" content=\"summary_large_image\" \/>\n<meta name=\"twitter:site\" content=\"@HsHannover\" \/>\n<meta name=\"twitter:label1\" content=\"Est. reading time\" \/>\n\t<meta name=\"twitter:data1\" content=\"1 minute\" \/>\n<script type=\"application\/ld+json\" class=\"yoast-schema-graph\">{\"@context\":\"https:\\\/\\\/schema.org\",\"@graph\":[{\"@type\":\"WebPage\",\"@id\":\"https:\\\/\\\/visualjournalism.de\\\/en\\\/anna-daliah-behnke\\\/\",\"url\":\"https:\\\/\\\/visualjournalism.de\\\/en\\\/anna-daliah-behnke\\\/\",\"name\":\"Anna Daliah Behnke &#8211; Visual Journalism and Documentary Photography\",\"isPartOf\":{\"@id\":\"https:\\\/\\\/visualjournalism.de\\\/en\\\/#website\"},\"datePublished\":\"2026-03-31T17:12:04+00:00\",\"dateModified\":\"2026-03-31T17:12:07+00:00\",\"breadcrumb\":{\"@id\":\"https:\\\/\\\/visualjournalism.de\\\/en\\\/anna-daliah-behnke\\\/#breadcrumb\"},\"inLanguage\":\"en-US\",\"potentialAction\":[{\"@type\":\"ReadAction\",\"target\":[\"https:\\\/\\\/visualjournalism.de\\\/en\\\/anna-daliah-behnke\\\/\"]}]},{\"@type\":\"BreadcrumbList\",\"@id\":\"https:\\\/\\\/visualjournalism.de\\\/en\\\/anna-daliah-behnke\\\/#breadcrumb\",\"itemListElement\":[{\"@type\":\"ListItem\",\"position\":1,\"name\":\"Home\",\"item\":\"https:\\\/\\\/visualjournalism.de\\\/en\\\/\"},{\"@type\":\"ListItem\",\"position\":2,\"name\":\"Anna Daliah Behnke\"}]},{\"@type\":\"WebSite\",\"@id\":\"https:\\\/\\\/visualjournalism.de\\\/en\\\/#website\",\"url\":\"https:\\\/\\\/visualjournalism.de\\\/en\\\/\",\"name\":\"Visual Journalism and Documentary Photography\",\"description\":\"All about the bilingual bachelor&#039;s program at Hannover University of Applied Sciences and Arts.\",\"publisher\":{\"@id\":\"https:\\\/\\\/visualjournalism.de\\\/en\\\/#organization\"},\"alternateName\":\"visualjournalism.de\",\"potentialAction\":[{\"@type\":\"SearchAction\",\"target\":{\"@type\":\"EntryPoint\",\"urlTemplate\":\"https:\\\/\\\/visualjournalism.de\\\/en\\\/?s={search_term_string}\"},\"query-input\":{\"@type\":\"PropertyValueSpecification\",\"valueRequired\":true,\"valueName\":\"search_term_string\"}}],\"inLanguage\":\"en-US\"},{\"@type\":\"Organization\",\"@id\":\"https:\\\/\\\/visualjournalism.de\\\/en\\\/#organization\",\"name\":\"Hochschule Hannover \u2013 University of Applied Sciences and Arts\",\"alternateName\":\"HsH\",\"url\":\"https:\\\/\\\/visualjournalism.de\\\/en\\\/\",\"logo\":{\"@type\":\"ImageObject\",\"inLanguage\":\"en-US\",\"@id\":\"https:\\\/\\\/visualjournalism.de\\\/en\\\/#\\\/schema\\\/logo\\\/image\\\/\",\"url\":\"https:\\\/\\\/visualjournalism.de\\\/wp-content\\\/uploads\\\/logo-hochschule-hannover.png\",\"contentUrl\":\"https:\\\/\\\/visualjournalism.de\\\/wp-content\\\/uploads\\\/logo-hochschule-hannover.png\",\"width\":363,\"height\":270,\"caption\":\"Hochschule Hannover \u2013 University of Applied Sciences and Arts\"},\"image\":{\"@id\":\"https:\\\/\\\/visualjournalism.de\\\/en\\\/#\\\/schema\\\/logo\\\/image\\\/\"},\"sameAs\":[\"https:\\\/\\\/www.facebook.com\\\/people\\\/wwwfotostudentende\\\/100065173703897\\\/\",\"https:\\\/\\\/x.com\\\/HsHannover\",\"https:\\\/\\\/www.instagram.com\\\/visualjournalism.de\\\/\"]}]}<\/script>\n<!-- \/ Yoast SEO Premium plugin. -->","yoast_head_json":{"title":"Anna Daliah Behnke &#8211; Visual Journalism and Documentary Photography","robots":{"index":"index","follow":"follow","max-snippet":"max-snippet:-1","max-image-preview":"max-image-preview:large","max-video-preview":"max-video-preview:-1"},"canonical":"https:\/\/visualjournalism.de\/en\/anna-daliah-behnke\/","og_locale":"en_US","og_type":"article","og_title":"Anna Daliah Behnke","og_url":"https:\/\/visualjournalism.de\/en\/anna-daliah-behnke\/","og_site_name":"Visual Journalism and Documentary Photography","article_publisher":"https:\/\/www.facebook.com\/people\/wwwfotostudentende\/100065173703897\/","article_modified_time":"2026-03-31T17:12:07+00:00","twitter_card":"summary_large_image","twitter_site":"@HsHannover","twitter_misc":{"Est. reading time":"1 minute"},"schema":{"@context":"https:\/\/schema.org","@graph":[{"@type":"WebPage","@id":"https:\/\/visualjournalism.de\/en\/anna-daliah-behnke\/","url":"https:\/\/visualjournalism.de\/en\/anna-daliah-behnke\/","name":"Anna Daliah Behnke &#8211; Visual Journalism and Documentary Photography","isPartOf":{"@id":"https:\/\/visualjournalism.de\/en\/#website"},"datePublished":"2026-03-31T17:12:04+00:00","dateModified":"2026-03-31T17:12:07+00:00","breadcrumb":{"@id":"https:\/\/visualjournalism.de\/en\/anna-daliah-behnke\/#breadcrumb"},"inLanguage":"en-US","potentialAction":[{"@type":"ReadAction","target":["https:\/\/visualjournalism.de\/en\/anna-daliah-behnke\/"]}]},{"@type":"BreadcrumbList","@id":"https:\/\/visualjournalism.de\/en\/anna-daliah-behnke\/#breadcrumb","itemListElement":[{"@type":"ListItem","position":1,"name":"Home","item":"https:\/\/visualjournalism.de\/en\/"},{"@type":"ListItem","position":2,"name":"Anna Daliah Behnke"}]},{"@type":"WebSite","@id":"https:\/\/visualjournalism.de\/en\/#website","url":"https:\/\/visualjournalism.de\/en\/","name":"Visual Journalism and Documentary Photography","description":"All about the bilingual bachelor&#039;s program at Hannover University of Applied Sciences and Arts.","publisher":{"@id":"https:\/\/visualjournalism.de\/en\/#organization"},"alternateName":"visualjournalism.de","potentialAction":[{"@type":"SearchAction","target":{"@type":"EntryPoint","urlTemplate":"https:\/\/visualjournalism.de\/en\/?s={search_term_string}"},"query-input":{"@type":"PropertyValueSpecification","valueRequired":true,"valueName":"search_term_string"}}],"inLanguage":"en-US"},{"@type":"Organization","@id":"https:\/\/visualjournalism.de\/en\/#organization","name":"Hochschule Hannover \u2013 University of Applied Sciences and Arts","alternateName":"HsH","url":"https:\/\/visualjournalism.de\/en\/","logo":{"@type":"ImageObject","inLanguage":"en-US","@id":"https:\/\/visualjournalism.de\/en\/#\/schema\/logo\/image\/","url":"https:\/\/visualjournalism.de\/wp-content\/uploads\/logo-hochschule-hannover.png","contentUrl":"https:\/\/visualjournalism.de\/wp-content\/uploads\/logo-hochschule-hannover.png","width":363,"height":270,"caption":"Hochschule Hannover \u2013 University of Applied Sciences and Arts"},"image":{"@id":"https:\/\/visualjournalism.de\/en\/#\/schema\/logo\/image\/"},"sameAs":["https:\/\/www.facebook.com\/people\/wwwfotostudentende\/100065173703897\/","https:\/\/x.com\/HsHannover","https:\/\/www.instagram.com\/visualjournalism.de\/"]}]}},"_links":{"self":[{"href":"https:\/\/visualjournalism.de\/en\/wp-json\/wp\/v2\/pages\/69960","targetHints":{"allow":["GET"]}}],"collection":[{"href":"https:\/\/visualjournalism.de\/en\/wp-json\/wp\/v2\/pages"}],"about":[{"href":"https:\/\/visualjournalism.de\/en\/wp-json\/wp\/v2\/types\/page"}],"author":[{"embeddable":true,"href":"https:\/\/visualjournalism.de\/en\/wp-json\/wp\/v2\/users\/134"}],"replies":[{"embeddable":true,"href":"https:\/\/visualjournalism.de\/en\/wp-json\/wp\/v2\/comments?post=69960"}],"version-history":[{"count":11,"href":"https:\/\/visualjournalism.de\/en\/wp-json\/wp\/v2\/pages\/69960\/revisions"}],"predecessor-version":[{"id":70499,"href":"https:\/\/visualjournalism.de\/en\/wp-json\/wp\/v2\/pages\/69960\/revisions\/70499"}],"wp:attachment":[{"href":"https:\/\/visualjournalism.de\/en\/wp-json\/wp\/v2\/media?parent=69960"}],"curies":[{"name":"wp","href":"https:\/\/api.w.org\/{rel}","templated":true}]}}

<div id="lead-in-block_127260a1be3f347c70e7abdeb258cd36" class="block-lead-in typo--default font-size--xl has-spacing--m width--default">
        <h1>Anna Daliah Behnke</h1>
    </div>




<div class="tableau has-spacing--m">
	

<div class="tableau__column--left">
    
    <figure class="block-photo post__image--full has-spacing--m with-title">

        <div class="post__image__container">
            <img loading="lazy" decoding="async" 
                src="https://visualjournalism.de/wp-content/uploads/2026/03/20240130_164807.jpg"
                srcset="https://visualjournalism.de/wp-content/uploads/2026/03/20240130_164807.jpg 918w, https://visualjournalism.de/wp-content/uploads/2026/03/20240130_164807-225x300.jpg 225w, https://visualjournalism.de/wp-content/uploads/2026/03/20240130_164807-768x1024.jpg 768w, https://visualjournalism.de/wp-content/uploads/2026/03/20240130_164807-670x893.jpg 670w, https://visualjournalism.de/wp-content/uploads/2026/03/20240130_164807-420x560.jpg 420w, https://visualjournalism.de/wp-content/uploads/2026/03/20240130_164807-350x467.jpg 350w, https://visualjournalism.de/wp-content/uploads/2026/03/20240130_164807-300x400.jpg 300w, https://visualjournalism.de/wp-content/uploads/2026/03/20240130_164807-640x853.jpg 640w, https://visualjournalism.de/wp-content/uploads/2026/03/20240130_164807-150x200.jpg 150w"
                width="918" 
                height="1224"
                alt="" 
            />
            
                            <span class="post__image__title">Anna Daliah Behnke</span>
                    </div><!-- post__image__container -->

        
    </figure><!-- post__image -->



</div>


<div class="tableau__column--right">
    

<p class="post__paragraph has-spacing--default"><strong>Anna Daliah Behnke</strong>, geboren im Jahr 2005 in Hameln und aufgewachsen im Weserbergland im kleinen Dorf Fuhlen, entwickelte früh eine Leidenschaft für visuelles Erzählen.</p>



<p class="post__paragraph has-spacing--default">Bereits 2020 wurde sie im Alter von 15 Jahren beim Wettbewerb „Ausweg gesucht“ in der Kategorie Film (15–17 Jahre) für ihren Beitrag ausgezeichnet. Auf der Suche nach weiteren Ausdrucksmöglichkeiten realisierte sie unter anderem die Ausstellung „Portraits der Lebensfreude“. Im Rahmen ihres Studiums konnte sie ihre fotografische und filmische Praxis kontinuierlich erweitern.</p>



<p class="post__paragraph has-spacing--default">Ihre Arbeiten wurden bereits in mehreren regionalen und überregionalen Medien veröffentlicht, darunter die HAZ, die Kieler Zeitung, die Leipziger Volkszeitung sowie die Dewezet. Zudem ist sie ein engagiertes Mitglied des Fotobus.</p>



<p class="post__paragraph has-spacing--default">Ihre Arbeitsethik basiert auf dem Wunsch, Menschen kennenzulernen, positive Geschichten sichtbar zu machen und im lokalen Umfeld in engem Austausch zu stehen.</p>



<p class="post__paragraph is-style-typo--soehne has-spacing--none"><strong>Kontakt</strong></p>



<p class="post__paragraph is-style-typo--soehne has-spacing--xs">☎️ 0179 4369476                                                           📨 daliah.behnke@gmail.com</p>


</div>
</div>
