{"id":69962,"date":"2026-03-25T13:48:34","date_gmt":"2026-03-25T11:48:34","guid":{"rendered":"https:\/\/visualjournalism.de\/?page_id=69962"},"modified":"2026-03-25T13:48:35","modified_gmt":"2026-03-25T11:48:35","slug":"yael-wagner","status":"publish","type":"page","link":"https:\/\/visualjournalism.de\/en\/yael-wagner\/","title":{"rendered":"Yael Wagner"},"content":{"rendered":"\n \n\n    <div id=\"lead-in-block_aaa8bcbb7cbb7d9ba058c896ac34f63d\" class=\"block-lead-in typo--default font-size--xl has-spacing--m width--default\">\n        <h1>Yael Wagner<\/h1>\n    <\/div>\n\n\n\n\n<div class=\"tableau has-spacing--m\">\n\t\n\n<div class=\"tableau__column--left\">\n    \n    <figure class=\"block-photo post__image--half-left has-spacing--m no-title\">\n\n        <div class=\"post__image__container\">\n            <img loading=\"lazy\" decoding=\"async\" \n                src=\"https:\/\/visualjournalism.de\/wp-content\/uploads\/2026\/03\/70A9342-768x768.jpg\"\n                srcset=\"https:\/\/visualjournalism.de\/wp-content\/uploads\/2026\/03\/70A9342-768x768.jpg 768w, https:\/\/visualjournalism.de\/wp-content\/uploads\/2026\/03\/70A9342-300x300.jpg 300w, https:\/\/visualjournalism.de\/wp-content\/uploads\/2026\/03\/70A9342-1024x1024.jpg 1024w, https:\/\/visualjournalism.de\/wp-content\/uploads\/2026\/03\/70A9342-150x150.jpg 150w, https:\/\/visualjournalism.de\/wp-content\/uploads\/2026\/03\/70A9342-1536x1536.jpg 1536w, https:\/\/visualjournalism.de\/wp-content\/uploads\/2026\/03\/70A9342-2048x2048.jpg 2048w, https:\/\/visualjournalism.de\/wp-content\/uploads\/2026\/03\/70A9342-1920x1920.jpg 1920w, https:\/\/visualjournalism.de\/wp-content\/uploads\/2026\/03\/70A9342-1400x1400.jpg 1400w, https:\/\/visualjournalism.de\/wp-content\/uploads\/2026\/03\/70A9342-1050x1050.jpg 1050w, https:\/\/visualjournalism.de\/wp-content\/uploads\/2026\/03\/70A9342-670x670.jpg 670w, https:\/\/visualjournalism.de\/wp-content\/uploads\/2026\/03\/70A9342-420x420.jpg 420w, https:\/\/visualjournalism.de\/wp-content\/uploads\/2026\/03\/70A9342-350x350.jpg 350w, https:\/\/visualjournalism.de\/wp-content\/uploads\/2026\/03\/70A9342-52x52.jpg 52w, https:\/\/visualjournalism.de\/wp-content\/uploads\/2026\/03\/70A9342-68x68.jpg 68w, https:\/\/visualjournalism.de\/wp-content\/uploads\/2026\/03\/70A9342-96x96.jpg 96w\"\n                width=\"768\" \n                height=\"768\"\n                alt=\"\" \n            \/>\n            \n                    <\/div><!-- post__image__container -->\n\n        \n    <\/figure><!-- post__image -->\n\n\n\n<\/div>\n\n\n<div class=\"tableau__column--right\">\n    \n\n<p class=\"post__paragraph is-style-typo--soehne has-spacing--default\"><strong>Yael Wagner ist eine <\/strong>deutsch-sudanesische Fotografin und studiert seit 2024 Visual Journalism and Documentary Photography in Hannover. Sie wurde 2001 in N\u00fcrnberg geboren und wuchs in einem multikulturellen Umfeld mit vielen k\u00fcnstlerischen Einfl\u00fcssen auf, was sie fr\u00fch dazu inspirierten, ihre Perspektiven durch das Medium Fotografie festzuhalten.<\/p>\n\n\n\n<p class=\"post__paragraph is-style-typo--soehne has-spacing--default\">In ihren Foto- und Videoarbeiten besch\u00e4ftigt sie sich mit Themen wie Identit\u00e4t, Subkulturen und Reisen. Dabei geht es ihr vor allem darum, auf sozialpolitische Aspekte aufmerksam zu machen und Einblicke in Lebenswelten zu geben, die f\u00fcr viele sonst verschlossen bleiben. Mit ihren Projekten erz\u00e4hlt sie Geschichten von Menschen und Realit\u00e4ten, die im gesellschaftlichen Fokus oft \u00fcbersehen werden.<\/p>\n\n\n\n<p class=\"post__paragraph is-style-typo--soehne has-spacing--none\"><strong>Kontakt<\/strong>:                                                                                                                 <\/p>\n\n\n\n<p class=\"post__paragraph is-style-typo--soehne has-spacing--none\">Instagram @photoyael<\/p>\n\n\n\n<p class=\"post__paragraph is-style-typo--soehne has-spacing--default\">yael.wagner@gmx.de<\/p>\n\n\n<\/div>\n<\/div>","protected":false},"excerpt":{"rendered":"","protected":false},"author":143,"featured_media":0,"parent":0,"menu_order":0,"comment_status":"closed","ping_status":"closed","template":"","meta":{"_acf_changed":false,"footnotes":""},"class_list":["post-69962","page","type-page","status-publish","hentry"],"acf":[],"yoast_head":"<!-- This site is optimized with the Yoast SEO Premium plugin v27.3 (Yoast SEO v27.3) - https:\/\/yoast.com\/product\/yoast-seo-premium-wordpress\/ -->\n<title>Yael Wagner &#8211; Visual Journalism and Documentary Photography<\/title>\n<meta name=\"robots\" content=\"index, follow, max-snippet:-1, max-image-preview:large, max-video-preview:-1\" \/>\n<link rel=\"canonical\" href=\"https:\/\/visualjournalism.de\/en\/yael-wagner\/\" \/>\n<meta property=\"og:locale\" content=\"en_US\" \/>\n<meta property=\"og:type\" content=\"article\" \/>\n<meta property=\"og:title\" content=\"Yael Wagner\" \/>\n<meta property=\"og:url\" content=\"https:\/\/visualjournalism.de\/en\/yael-wagner\/\" \/>\n<meta property=\"og:site_name\" content=\"Visual Journalism and Documentary Photography\" \/>\n<meta property=\"article:publisher\" content=\"https:\/\/www.facebook.com\/people\/wwwfotostudentende\/100065173703897\/\" \/>\n<meta property=\"article:modified_time\" content=\"2026-03-25T11:48:35+00:00\" \/>\n<meta name=\"twitter:card\" content=\"summary_large_image\" \/>\n<meta name=\"twitter:site\" content=\"@HsHannover\" \/>\n<meta name=\"twitter:label1\" content=\"Est. reading time\" \/>\n\t<meta name=\"twitter:data1\" content=\"1 minute\" \/>\n<script type=\"application\/ld+json\" class=\"yoast-schema-graph\">{\"@context\":\"https:\\\/\\\/schema.org\",\"@graph\":[{\"@type\":\"WebPage\",\"@id\":\"https:\\\/\\\/visualjournalism.de\\\/en\\\/yael-wagner\\\/\",\"url\":\"https:\\\/\\\/visualjournalism.de\\\/en\\\/yael-wagner\\\/\",\"name\":\"Yael Wagner &#8211; Visual Journalism and Documentary Photography\",\"isPartOf\":{\"@id\":\"https:\\\/\\\/visualjournalism.de\\\/en\\\/#website\"},\"datePublished\":\"2026-03-25T11:48:34+00:00\",\"dateModified\":\"2026-03-25T11:48:35+00:00\",\"breadcrumb\":{\"@id\":\"https:\\\/\\\/visualjournalism.de\\\/en\\\/yael-wagner\\\/#breadcrumb\"},\"inLanguage\":\"en-US\",\"potentialAction\":[{\"@type\":\"ReadAction\",\"target\":[\"https:\\\/\\\/visualjournalism.de\\\/en\\\/yael-wagner\\\/\"]}]},{\"@type\":\"BreadcrumbList\",\"@id\":\"https:\\\/\\\/visualjournalism.de\\\/en\\\/yael-wagner\\\/#breadcrumb\",\"itemListElement\":[{\"@type\":\"ListItem\",\"position\":1,\"name\":\"Home\",\"item\":\"https:\\\/\\\/visualjournalism.de\\\/en\\\/\"},{\"@type\":\"ListItem\",\"position\":2,\"name\":\"Yael Wagner\"}]},{\"@type\":\"WebSite\",\"@id\":\"https:\\\/\\\/visualjournalism.de\\\/en\\\/#website\",\"url\":\"https:\\\/\\\/visualjournalism.de\\\/en\\\/\",\"name\":\"Visual Journalism and Documentary Photography\",\"description\":\"All about the bilingual bachelor&#039;s program at Hannover University of Applied Sciences and Arts.\",\"publisher\":{\"@id\":\"https:\\\/\\\/visualjournalism.de\\\/en\\\/#organization\"},\"alternateName\":\"visualjournalism.de\",\"potentialAction\":[{\"@type\":\"SearchAction\",\"target\":{\"@type\":\"EntryPoint\",\"urlTemplate\":\"https:\\\/\\\/visualjournalism.de\\\/en\\\/?s={search_term_string}\"},\"query-input\":{\"@type\":\"PropertyValueSpecification\",\"valueRequired\":true,\"valueName\":\"search_term_string\"}}],\"inLanguage\":\"en-US\"},{\"@type\":\"Organization\",\"@id\":\"https:\\\/\\\/visualjournalism.de\\\/en\\\/#organization\",\"name\":\"Hochschule Hannover \u2013 University of Applied Sciences and Arts\",\"alternateName\":\"HsH\",\"url\":\"https:\\\/\\\/visualjournalism.de\\\/en\\\/\",\"logo\":{\"@type\":\"ImageObject\",\"inLanguage\":\"en-US\",\"@id\":\"https:\\\/\\\/visualjournalism.de\\\/en\\\/#\\\/schema\\\/logo\\\/image\\\/\",\"url\":\"https:\\\/\\\/visualjournalism.de\\\/wp-content\\\/uploads\\\/logo-hochschule-hannover.png\",\"contentUrl\":\"https:\\\/\\\/visualjournalism.de\\\/wp-content\\\/uploads\\\/logo-hochschule-hannover.png\",\"width\":363,\"height\":270,\"caption\":\"Hochschule Hannover \u2013 University of Applied Sciences and Arts\"},\"image\":{\"@id\":\"https:\\\/\\\/visualjournalism.de\\\/en\\\/#\\\/schema\\\/logo\\\/image\\\/\"},\"sameAs\":[\"https:\\\/\\\/www.facebook.com\\\/people\\\/wwwfotostudentende\\\/100065173703897\\\/\",\"https:\\\/\\\/x.com\\\/HsHannover\",\"https:\\\/\\\/www.instagram.com\\\/visualjournalism.de\\\/\"]}]}<\/script>\n<!-- \/ Yoast SEO Premium plugin. -->","yoast_head_json":{"title":"Yael Wagner &#8211; Visual Journalism and Documentary Photography","robots":{"index":"index","follow":"follow","max-snippet":"max-snippet:-1","max-image-preview":"max-image-preview:large","max-video-preview":"max-video-preview:-1"},"canonical":"https:\/\/visualjournalism.de\/en\/yael-wagner\/","og_locale":"en_US","og_type":"article","og_title":"Yael Wagner","og_url":"https:\/\/visualjournalism.de\/en\/yael-wagner\/","og_site_name":"Visual Journalism and Documentary Photography","article_publisher":"https:\/\/www.facebook.com\/people\/wwwfotostudentende\/100065173703897\/","article_modified_time":"2026-03-25T11:48:35+00:00","twitter_card":"summary_large_image","twitter_site":"@HsHannover","twitter_misc":{"Est. reading time":"1 minute"},"schema":{"@context":"https:\/\/schema.org","@graph":[{"@type":"WebPage","@id":"https:\/\/visualjournalism.de\/en\/yael-wagner\/","url":"https:\/\/visualjournalism.de\/en\/yael-wagner\/","name":"Yael Wagner &#8211; Visual Journalism and Documentary Photography","isPartOf":{"@id":"https:\/\/visualjournalism.de\/en\/#website"},"datePublished":"2026-03-25T11:48:34+00:00","dateModified":"2026-03-25T11:48:35+00:00","breadcrumb":{"@id":"https:\/\/visualjournalism.de\/en\/yael-wagner\/#breadcrumb"},"inLanguage":"en-US","potentialAction":[{"@type":"ReadAction","target":["https:\/\/visualjournalism.de\/en\/yael-wagner\/"]}]},{"@type":"BreadcrumbList","@id":"https:\/\/visualjournalism.de\/en\/yael-wagner\/#breadcrumb","itemListElement":[{"@type":"ListItem","position":1,"name":"Home","item":"https:\/\/visualjournalism.de\/en\/"},{"@type":"ListItem","position":2,"name":"Yael Wagner"}]},{"@type":"WebSite","@id":"https:\/\/visualjournalism.de\/en\/#website","url":"https:\/\/visualjournalism.de\/en\/","name":"Visual Journalism and Documentary Photography","description":"All about the bilingual bachelor&#039;s program at Hannover University of Applied Sciences and Arts.","publisher":{"@id":"https:\/\/visualjournalism.de\/en\/#organization"},"alternateName":"visualjournalism.de","potentialAction":[{"@type":"SearchAction","target":{"@type":"EntryPoint","urlTemplate":"https:\/\/visualjournalism.de\/en\/?s={search_term_string}"},"query-input":{"@type":"PropertyValueSpecification","valueRequired":true,"valueName":"search_term_string"}}],"inLanguage":"en-US"},{"@type":"Organization","@id":"https:\/\/visualjournalism.de\/en\/#organization","name":"Hochschule Hannover \u2013 University of Applied Sciences and Arts","alternateName":"HsH","url":"https:\/\/visualjournalism.de\/en\/","logo":{"@type":"ImageObject","inLanguage":"en-US","@id":"https:\/\/visualjournalism.de\/en\/#\/schema\/logo\/image\/","url":"https:\/\/visualjournalism.de\/wp-content\/uploads\/logo-hochschule-hannover.png","contentUrl":"https:\/\/visualjournalism.de\/wp-content\/uploads\/logo-hochschule-hannover.png","width":363,"height":270,"caption":"Hochschule Hannover \u2013 University of Applied Sciences and Arts"},"image":{"@id":"https:\/\/visualjournalism.de\/en\/#\/schema\/logo\/image\/"},"sameAs":["https:\/\/www.facebook.com\/people\/wwwfotostudentende\/100065173703897\/","https:\/\/x.com\/HsHannover","https:\/\/www.instagram.com\/visualjournalism.de\/"]}]}},"_links":{"self":[{"href":"https:\/\/visualjournalism.de\/en\/wp-json\/wp\/v2\/pages\/69962","targetHints":{"allow":["GET"]}}],"collection":[{"href":"https:\/\/visualjournalism.de\/en\/wp-json\/wp\/v2\/pages"}],"about":[{"href":"https:\/\/visualjournalism.de\/en\/wp-json\/wp\/v2\/types\/page"}],"author":[{"embeddable":true,"href":"https:\/\/visualjournalism.de\/en\/wp-json\/wp\/v2\/users\/143"}],"replies":[{"embeddable":true,"href":"https:\/\/visualjournalism.de\/en\/wp-json\/wp\/v2\/comments?post=69962"}],"version-history":[{"count":3,"href":"https:\/\/visualjournalism.de\/en\/wp-json\/wp\/v2\/pages\/69962\/revisions"}],"predecessor-version":[{"id":70334,"href":"https:\/\/visualjournalism.de\/en\/wp-json\/wp\/v2\/pages\/69962\/revisions\/70334"}],"wp:attachment":[{"href":"https:\/\/visualjournalism.de\/en\/wp-json\/wp\/v2\/media?parent=69962"}],"curies":[{"name":"wp","href":"https:\/\/api.w.org\/{rel}","templated":true}]}}

<div id="lead-in-block_aaa8bcbb7cbb7d9ba058c896ac34f63d" class="block-lead-in typo--default font-size--xl has-spacing--m width--default">
        <h1>Yael Wagner</h1>
    </div>




<div class="tableau has-spacing--m">
	

<div class="tableau__column--left">
    
    <figure class="block-photo post__image--half-left has-spacing--m no-title">

        <div class="post__image__container">
            <img loading="lazy" decoding="async" 
                src="https://visualjournalism.de/wp-content/uploads/2026/03/70A9342-768x768.jpg"
                srcset="https://visualjournalism.de/wp-content/uploads/2026/03/70A9342-768x768.jpg 768w, https://visualjournalism.de/wp-content/uploads/2026/03/70A9342-300x300.jpg 300w, https://visualjournalism.de/wp-content/uploads/2026/03/70A9342-1024x1024.jpg 1024w, https://visualjournalism.de/wp-content/uploads/2026/03/70A9342-150x150.jpg 150w, https://visualjournalism.de/wp-content/uploads/2026/03/70A9342-1536x1536.jpg 1536w, https://visualjournalism.de/wp-content/uploads/2026/03/70A9342-2048x2048.jpg 2048w, https://visualjournalism.de/wp-content/uploads/2026/03/70A9342-1920x1920.jpg 1920w, https://visualjournalism.de/wp-content/uploads/2026/03/70A9342-1400x1400.jpg 1400w, https://visualjournalism.de/wp-content/uploads/2026/03/70A9342-1050x1050.jpg 1050w, https://visualjournalism.de/wp-content/uploads/2026/03/70A9342-670x670.jpg 670w, https://visualjournalism.de/wp-content/uploads/2026/03/70A9342-420x420.jpg 420w, https://visualjournalism.de/wp-content/uploads/2026/03/70A9342-350x350.jpg 350w, https://visualjournalism.de/wp-content/uploads/2026/03/70A9342-52x52.jpg 52w, https://visualjournalism.de/wp-content/uploads/2026/03/70A9342-68x68.jpg 68w, https://visualjournalism.de/wp-content/uploads/2026/03/70A9342-96x96.jpg 96w"
                width="768" 
                height="768"
                alt="" 
            />
            
                    </div><!-- post__image__container -->

        
    </figure><!-- post__image -->



</div>


<div class="tableau__column--right">
    

<p class="post__paragraph is-style-typo--soehne has-spacing--default"><strong>Yael Wagner ist eine </strong>deutsch-sudanesische Fotografin und studiert seit 2024 Visual Journalism and Documentary Photography in Hannover. Sie wurde 2001 in Nürnberg geboren und wuchs in einem multikulturellen Umfeld mit vielen künstlerischen Einflüssen auf, was sie früh dazu inspirierten, ihre Perspektiven durch das Medium Fotografie festzuhalten.</p>



<p class="post__paragraph is-style-typo--soehne has-spacing--default">In ihren Foto- und Videoarbeiten beschäftigt sie sich mit Themen wie Identität, Subkulturen und Reisen. Dabei geht es ihr vor allem darum, auf sozialpolitische Aspekte aufmerksam zu machen und Einblicke in Lebenswelten zu geben, die für viele sonst verschlossen bleiben. Mit ihren Projekten erzählt sie Geschichten von Menschen und Realitäten, die im gesellschaftlichen Fokus oft übersehen werden.</p>



<p class="post__paragraph is-style-typo--soehne has-spacing--none"><strong>Kontakt</strong>:                                                                                                                 </p>



<p class="post__paragraph is-style-typo--soehne has-spacing--none">Instagram @photoyael</p>



<p class="post__paragraph is-style-typo--soehne has-spacing--default">yael.wagner@gmx.de</p>


</div>
</div>
